{"id":7133,"date":"2020-05-18T10:41:50","date_gmt":"2020-05-18T10:41:50","guid":{"rendered":"https:\/\/candymoda.pl\/?post_type=product&#038;p=7133"},"modified":"2026-03-17T11:53:04","modified_gmt":"2026-03-17T11:53:04","slug":"plecaczek-z-szelkami-na-brzuszek-buldozki","status":"publish","type":"product","link":"https:\/\/candymoda.pl\/?product=plecaczek-z-szelkami-na-brzuszek-buldozki","title":{"rendered":"Plecaczek z szelkami na brzuszek BULDO\u017bKI"},"content":{"rendered":"<p>Etui-plecaczek do pompy insulinowej, Wymiary: 11cmx9cm. Pasuje do pomp firmy Medtronic i Roche. Szelki s\u0105 gumowe i regulowane. Zapi\u0119cia na plastikowy klips. Wyj\u015bcie drenu przy zapi\u0119ciu zamka.<br \/>\nWszystkie nasze etui s\u0105 szyte z wysokogatunkowych tkanin. S\u0105 od wewn\u0105trz wzmacniane, podklejane oraz dodatkowo wypiankowane, co skutecznie amortyzuje pomp\u0119.<br \/>\nPlecaczki sprzedajemy te\u017c w opcji bez szelek na brzuszek.<\/p>\n","protected":false},"excerpt":{"rendered":"<p>Etui-plecaczek do pompy insulinowej, Wymiary: 11cmx9cm. Pasuje do pomp firmy Medtronic i Roche. Szelki s\u0105 gumowe i regulowane. Zapi\u0119cia na plastikowy klips. Wyj\u015bcie drenu przy zapi\u0119ciu zamka. Wszystkie nasze etui s\u0105 szyte z wysokogatunkowych tkanin. S\u0105 od wewn\u0105trz wzmacniane, podklejane oraz dodatkowo wypiankowane, co skutecznie amortyzuje pomp\u0119. Plecaczki sprzedajemy te\u017c w opcji bez szelek na [&hellip;]<\/p>\n","protected":false},"featured_media":7132,"comment_status":"open","ping_status":"closed","template":"","meta":[],"class_list":{"0":"post-7133","1":"product","2":"type-product","3":"status-publish","4":"has-post-thumbnail","6":"product_cat-plecaki-na-pompy-ins","7":"product_tag-640g","8":"product_tag-cukrzyca","9":"product_tag-cukrzyca-typ-1","10":"product_tag-etui","11":"product_tag-medtronic","12":"product_tag-pompa-insulinowa","13":"product_tag-roche","14":"product_tag-saszetka","15":"product_tag-veo","17":"first","18":"onbackorder","19":"taxable","20":"shipping-taxable","21":"purchasable","22":"product-type-simple"},"_links":{"self":[{"href":"https:\/\/candymoda.pl\/index.php?rest_route=\/wp\/v2\/product\/7133","targetHints":{"allow":["GET"]}}],"collection":[{"href":"https:\/\/candymoda.pl\/index.php?rest_route=\/wp\/v2\/product"}],"about":[{"href":"https:\/\/candymoda.pl\/index.php?rest_route=\/wp\/v2\/types\/product"}],"replies":[{"embeddable":true,"href":"https:\/\/candymoda.pl\/index.php?rest_route=%2Fwp%2Fv2%2Fcomments&post=7133"}],"wp:featuredmedia":[{"embeddable":true,"href":"https:\/\/candymoda.pl\/index.php?rest_route=\/wp\/v2\/media\/7132"}],"wp:attachment":[{"href":"https:\/\/candymoda.pl\/index.php?rest_route=%2Fwp%2Fv2%2Fmedia&parent=7133"}],"curies":[{"name":"wp","href":"https:\/\/api.w.org\/{rel}","templated":true}]}}